s 118658386 a multiple of 14?
True
Is 454 a factor of 37523455?
False
Is 1461 a factor of 22226193?
True
Does 1382 divide 312782334?
False
Is 927696024 a multiple of 932?
True
Is 22 a factor of 2986874?
True
Is 384843309 a multiple of 57?
True
Does 3 divide 51233716?
False
Does 1254 divide 698080659?
False
Is 705 a factor of 191442736?
False
Is 3547024 a multiple of 342?
False
Is 86896719 a multiple of 7?
True
Is 5223 a factor of 989335437?
True
Is 131245765 a multiple of 5?
True
Does 3341 divide 221033878?
True
Does 333 divide 110593848?
False
Is 38 a factor of 45377586?
True
Does 7787 divide 1116943919?
True
Does 5743 divide 2639890553?
True
Is 426966269 a multiple of 43?
False
Is 82 a factor of 1426560560?
True
Does 10 divide 351131640?
True
Does 9 divide 580386285?
True
Is 84585072 a multiple of 3432?
True
Does 23 divide 233447406?
False
Is 32882760 a multiple of 1990?
True
Does 20 divide 2438394017?
False
Does 1017 divide 8054729?
False
Is 272 a factor of 25562832?
True
Does 143 divide 20029152?
True
Is 155 a factor of 45718652?
False
Is 441 a factor of 62938220?
False
Does 2276 divide 6700641?
False
Does 1139 divide 208800341?
True
Is 20036640 a multiple of 760?
True
Is 21618966 a multiple of 62?
True
Is 1785 a factor of 244402901?
False
Is 870447002 a multiple of 1466?
False
Is 71608091 a multiple of 225?
False
Is 33312897 a multiple of 591?
True
Does 30 divide 26408790?
True
Is 2268 a factor of 41963015?
False
Does 46 divide 91434844?
True
Does 66 divide 75157760?
False
Is 2443 a factor of 1396747829?
False
Is 6 a factor of 41424492?
True
Is 249609444 a multiple of 2276?
False
Is 477700516 a multiple of 4?
True
Is 313083705 a multiple of 69?
True
Does 1812 divide 17561904?
True
Is 7 a factor of 874816204?
False
Is 292 a factor of 1853375741?
False
Is 24 a factor of 298277136?
True
Is 2387 a factor of 716167995?
False
Is 123784090 a multiple of 181?
True
Is 45 a factor of 144410524?
False
Is 15 a factor of 20232163?
False
Is 191041955 a multiple of 1282?
False
Is 777545528 a multiple of 30?
False
Is 165053169 a multiple of 24?
False
Is 160939319 a multiple of 1069?
False
Is 428803144 a multiple of 77?
True
Is 340 a factor of 137076100?
True
Is 84502823 a multiple of 19?
True
Is 4245137 a multiple of 13?
True
Is 387191646 a multiple of 13?
False
Is 187 a factor of 1218472104?
False
Does 11 divide 18362703?
False
Does 4 divide 25795184?
True
Is 485 a factor of 220080913?
False
Is 59 a factor of 330906583?
False
Is 211 a factor of 48107789?
True
Is 1413706977 a multiple of 5?
False
Is 176491680 a multiple of 40?
True
Is 7779932 a multiple of 5?
False
Is 5686638477 a multiple of 99?
False
Does 195 divide 154148468?
False
Is 15 a factor of 16171472?
False
Does 1677 divide 5287416654?
True
Does 103 divide 19393664?
True
Is 21581615 a multiple of 79?
True
Is 1199 a factor of 418080509?
True
Is 704827523 a multiple of 284?
False
Does 25 divide 841914125?
True
Is 83211830 a multiple of 190?
True
Does 35 divide 10491984?
False
Does 34 divide 61828757?
False
Does 457 divide 3784909224?
False
Is 5092374 a multiple of 168?
False
Is 19990729 a multiple of 38?
False
Is 49178968 a multiple of 472?
False
Does 3 divide 1003148?
False
Is 640 a factor of 3004515330?
False
Does 3486 divide 347393823?
False
Is 16 a factor of 3636184960?
True
Is 106 a factor of 30498320?
True
Does 213 divide 340230012?
True
Is 984 a factor of 128305833?
False
Is 11 a factor of 2897763?
True
Does 1068 divide 1382928600?
False
Is 70326900 a multiple of 1575?
True
Is 39 a factor of 833460264?
True
Does 5728 divide 863211558?
False
Is 24 a factor of 181677024?
True
Does 2237 divide 315354364?
True
Does 72 divide 34098336?
True
Is 11 a factor of 1202783274?
True
Is 31861005 a multiple of 2?
False
Does 11 divide 27478839?
False
Does 9374 divide 2364479012?
True
Is 31091515 a multiple of 65?
True
Does 29 divide 24920113?
False
Is 381 a factor of 24458341?
False
Is 14 a factor of 30235213?
False
Is 163149750 a multiple of 177?
True
Is 24821576 a multiple of 31?
True
Does 2460 divide 172940460?
True
Does 2080 divide 42259360?
True
Does 5 divide 28514478?
False
Does 10 divide 614266359?
False
Is 1177371 a multiple of 25?
False
Is 1720 a factor of 3641009520?
True
Does 21 divide 89829327?
True
Is 2688743 a multiple of 61?
False
Is 138 a factor of 388585681?
False
Is 45794481 a multiple of 1912?
False
Is 23398120 a multiple of 85?
True
Is 1242059190 a multiple of 27?
False
Is 107 a factor of 300433851?
True
Is 15434100 a multiple of 37?
False
Is 155 a factor of 63623160?
True
Is 132 a factor of 98921671?
False
Is 1391208 a multiple of 6?
True
Does 24 divide 8722608?
True
Is 674 a factor of 122914010?
True
Is 1853 a factor of 436501945?
True
Is 118249956 a multiple of 1188?
True
Is 16294261 a multiple of 113?
True
Is 55 a factor of 3758247?
False
Does 72 divide 5860584?
True
Is 142977385 a multiple of 2770?
False
Does 1272 divide 37354135?
False
Is 3641179980 a multiple of 633?
False
Is 72437920 a multiple of 5?
True
Does 574 divide 2480113?
False
Is 38 a factor of 3202994266?
False
Is 2 a factor of 295595667?
False
Is 76134448 a multiple of 208?
True
Does 2453 divide 1316150046?
False
Does 3183 divide 3261802395?
False
Is 73532203 a multiple of 63?
False
Is 269 a factor of 3920202367?
True
Is 14103031 a multiple of 37?
True
Is 4 a factor of 35114956?
True
Does 42 divide 8855532?
True
Is 813436517 a multiple of 2549?
False
Is 157144168 a multiple of 2424?
False
Is 8 a factor of 27954808?
True
Is 79621063 a multiple of 136?
False
Is 420 a factor of 28953120?
True
Is 342752607 a multiple of 642?
False
Is 607884968 a multiple of 647?
True
Is 268540060 a multiple of 260?
False
Is 13 a factor of 388646327?
False
Is 43 a factor of 125907569?
True
Does 115 divide 221419275?
True
Does 16652 divide 5934153886?
False
Is 47545870 a multiple of 1951?
True
Does 294 divide 8056188?
True
Is 11 a factor of 9289802?
False
Does 74 divide 35055280?
True
Is 1554159942 a multiple of 355?
False
Does 375 divide 855399000?
True
Is 12 a factor of 1561763748?
True
Is 2996468 a multiple of 257?
False
Does 722 divide 368616378?
True
Is 54137800 a multiple of 1017?
False
Is 3943 a factor of 444368214?
True
Is 109509984 a multiple of 148?
False
Does 585 divide 153205782?
False
Is 721275451 a multiple of 3099?
False
Is 21121862 a multiple of 799?
False
Does 489 divide 54384606?
False
Is 21361478 a multiple of 16?
False
Does 15 divide 48873718?
False
Is 342 a factor of 4203053978?
False
Is 146696920 a multiple of 89?
True
Is 2277 a factor of 111549945?
False
Does 124 divide 85192340?
True
Is 5043139 a multiple of 185?
False
Does 951 divide 67895694?
True
Is 617491743 a multiple of 33?
True
Is 27 a factor of 1361639619?
True
Is 954421058 a multiple of 1514?
True
Is 87 a factor of 34074805?
False
Is 35594789 a multiple of 31?
True
Is 29 a factor of 15910497?
False
Does 187 divide 11237790?
False
Does 1148 divide 54753832?
False
Is 132867544 a multiple of 438?
False
Is 12 a factor of 162470448?
True
Does 171 divide 19159902?
False
Is 19 a factor of 286633714?
False
Does 112 divide 282646507?
False
Is 9543 a factor of 7358273299?
False
Is 36340319 a multiple of 78?
False
Is 7 a factor of 18067587?
False
Does 46 divide 2201702922?
True
Does 32 divide 254466283?
False
Does 2 divide 117806763?
False
Is 206492517 a multiple of 2027?
True
Does 903 divide 481327792?
False
Does 11 divide 3749613338?
False
Is 12 a factor of 1600368?
True
Is 65071300 a multiple of 1367?
False
Is 537844757 a multiple of 249?
False
Is 29882803 a multiple of 1150?
False
Does 335 divide 15695420?
True
Is 697 a factor of 3447362?
True
Is 375673010 a multiple of 2815?
True
Is 52 a factor of 170339208?
True
Is 63 a factor of 24894639?
True
Is 10034161 a multiple of 2?
False
Is 3784 a factor of 373644049?
False
Is 81435204 a multiple of 11?
False
Does 2160 divide 65413440?
True
Does 4702 divide 307181660?
True
Is 1094836491 a multiple of 80?
False
Is 2576548413 a multiple of 87?
True
Is 1429 a factor of 20766001?
False
Is 919650690 a multiple of 599?
True
Is 22 a factor of 415372269?
False
Is 27435989 a multiple of 487?
False
Does 65 divide 253688890?
True
Does 1664 divide 35578685?
False
Is 17 a factor of 79069916?
False
Is 103 a factor of 96380745?
F